[INFO] fetching crate noisy_bevy 0.3.0...
[INFO] checking noisy_bevy-0.3.0 against master#9610dfe5a9a731ced1ea4923ecbd0c57fe367898 for beta-170-4
[INFO] extracting crate noisy_bevy 0.3.0 into /workspace/builds/worker-1-tc1/source
[INFO] validating manifest of crates.io crate noisy_bevy 0.3.0 on toolchain 9610dfe5a9a731ced1ea4923ecbd0c57fe367898
[INFO] running `Command { std: CARGO_HOME="/workspace/cargo-home" RUSTUP_HOME="/workspace/rustup-home" "/workspace/cargo-home/bin/cargo" "+9610dfe5a9a731ced1ea4923ecbd0c57fe367898" "metadata" "--manifest-path" "Cargo.toml" "--no-deps", kill_on_drop: false }`
[INFO] started tweaking crates.io crate noisy_bevy 0.3.0
[INFO] finished tweaking crates.io crate noisy_bevy 0.3.0
[INFO] tweaked toml for crates.io crate noisy_bevy 0.3.0 written to /workspace/builds/worker-1-tc1/source/Cargo.toml
[INFO] crate crates.io crate noisy_bevy 0.3.0 already has a lockfile, it will not be regenerated
[INFO] running `Command { std: CARGO_HOME="/workspace/cargo-home" RUSTUP_HOME="/workspace/rustup-home" "/workspace/cargo-home/bin/cargo" "+9610dfe5a9a731ced1ea4923ecbd0c57fe367898" "fetch" "--manifest-path" "Cargo.toml", kill_on_drop: false }`
[INFO] [stderr]  Downloading crates ...
[INFO] [stderr]   Downloaded sysinfo v0.28.2
[INFO] [stderr]   Downloaded bevy_transform v0.10.0
[INFO] [stderr]   Downloaded bevy_internal v0.10.0
[INFO] [stderr]   Downloaded bevy_utils v0.10.0
[INFO] [stderr]   Downloaded bevy_winit v0.10.0
[INFO] [stderr]   Downloaded bevy_utils_proc_macros v0.10.0
[INFO] [stderr]   Downloaded insta v1.28.0
[INFO] [stderr]   Downloaded bevy_derive v0.10.0
[INFO] [stderr]   Downloaded accesskit_winit v0.12.3
[INFO] [stderr]   Downloaded bevy_encase_derive v0.10.0
[INFO] [stderr]   Downloaded bevy_diagnostic v0.10.0
[INFO] [stderr]   Downloaded bevy_time v0.10.0
[INFO] [stderr]   Downloaded accesskit_macos v0.6.1
[INFO] [stderr]   Downloaded bevy_asset v0.10.0
[INFO] [stderr]   Downloaded bevy_sprite v0.10.0
[INFO] [stderr]   Downloaded bevy_mikktspace v0.10.0
[INFO] [stderr]   Downloaded bevy_render_macros v0.10.0
[INFO] [stderr]   Downloaded bevy_a11y v0.10.0
[INFO] [stderr]   Downloaded bevy_core v0.10.0
[INFO] [stderr]   Downloaded bevy_log v0.10.0
[INFO] [stderr]   Downloaded bevy_pbr v0.10.0
[INFO] [stderr]   Downloaded bevy_core_pipeline v0.10.0
[INFO] [stderr]   Downloaded bevy_render v0.10.0
[INFO] [stderr]   Downloaded bevy_window v0.10.0
[INFO] [stderr]   Downloaded bevy_tasks v0.10.0
[INFO] [stderr]   Downloaded bevy_hierarchy v0.10.0
[INFO] [stderr]   Downloaded bevy_ecs_macros v0.10.0
[INFO] [stderr]   Downloaded bevy_ecs v0.10.0
[INFO] [stderr]   Downloaded bevy_macro_utils v0.10.0
[INFO] [stderr]   Downloaded bevy_app v0.10.0
[INFO] [stderr]   Downloaded bevy_input v0.10.0
[INFO] [stderr]   Downloaded bevy_math v0.10.0
[INFO] [stderr]   Downloaded bevy_ptr v0.10.0
[INFO] [stderr]   Downloaded bevy_reflect_derive v0.10.0
[INFO] [stderr]   Downloaded bevy_reflect v0.10.0
[INFO] [stderr]   Downloaded bevy v0.10.0
[INFO] running `Command { std: "docker" "create" "-v" "/var/lib/crater-agent-workspace/builds/worker-1-tc1/target:/opt/rustwide/target:rw,Z" "-v" "/var/lib/crater-agent-workspace/builds/worker-1-tc1/source:/opt/rustwide/workdir:ro,Z" "-v" "/var/lib/crater-agent-workspace/cargo-home:/opt/rustwide/cargo-home:ro,Z" "-v" "/var/lib/crater-agent-workspace/rustup-home:/opt/rustwide/rustup-home:ro,Z" "-e" "SOURCE_DIR=/opt/rustwide/workdir" "-e" "CARGO_TARGET_DIR=/opt/rustwide/target" "-e" "CARGO_HOME=/opt/rustwide/cargo-home" "-e" "RUSTUP_HOME=/opt/rustwide/rustup-home" "-w" "/opt/rustwide/workdir" "-m" "1610612736" "--user" "0:0" "--network" "none" "ghcr.io/rust-lang/crates-build-env/linux@sha256:19e73879b68f455e41552ea35293514db52ea292d993f571636dbffedb77a1ee" "/opt/rustwide/cargo-home/bin/cargo" "+9610dfe5a9a731ced1ea4923ecbd0c57fe367898" "metadata" "--no-deps" "--format-version=1", kill_on_drop: false }`
[INFO] [stdout] 57ce534a022853435b2b98cf17c9c1cb7bb7c3cee1555d737bbb7a3e9f7845ed
[INFO] running `Command { std: "docker" "start" "-a" "57ce534a022853435b2b98cf17c9c1cb7bb7c3cee1555d737bbb7a3e9f7845ed", kill_on_drop: false }`
[INFO] running `Command { std: "docker" "inspect" "57ce534a022853435b2b98cf17c9c1cb7bb7c3cee1555d737bbb7a3e9f7845ed", kill_on_drop: false }`
[INFO] running `Command { std: "docker" "rm" "-f" "57ce534a022853435b2b98cf17c9c1cb7bb7c3cee1555d737bbb7a3e9f7845ed", kill_on_drop: false }`
[INFO] [stdout] 57ce534a022853435b2b98cf17c9c1cb7bb7c3cee1555d737bbb7a3e9f7845ed
[INFO] running `Command { std: "docker" "create" "-v" "/var/lib/crater-agent-workspace/builds/worker-1-tc1/target:/opt/rustwide/target:rw,Z" "-v" "/var/lib/crater-agent-workspace/builds/worker-1-tc1/source:/opt/rustwide/workdir:ro,Z" "-v" "/var/lib/crater-agent-workspace/cargo-home:/opt/rustwide/cargo-home:ro,Z" "-v" "/var/lib/crater-agent-workspace/rustup-home:/opt/rustwide/rustup-home:ro,Z" "-e" "SOURCE_DIR=/opt/rustwide/workdir" "-e" "CARGO_TARGET_DIR=/opt/rustwide/target" "-e" "CARGO_INCREMENTAL=0" "-e" "RUST_BACKTRACE=full" "-e" "RUSTFLAGS=--cap-lints=forbid" "-e" "RUSTDOCFLAGS=--cap-lints=forbid" "-e" "CARGO_HOME=/opt/rustwide/cargo-home" "-e" "RUSTUP_HOME=/opt/rustwide/rustup-home" "-w" "/opt/rustwide/workdir" "-m" "1610612736" "--user" "0:0" "--network" "none" "ghcr.io/rust-lang/crates-build-env/linux@sha256:19e73879b68f455e41552ea35293514db52ea292d993f571636dbffedb77a1ee" "/opt/rustwide/cargo-home/bin/cargo" "+9610dfe5a9a731ced1ea4923ecbd0c57fe367898" "check" "--frozen" "--all" "--all-targets" "--message-format=json", kill_on_drop: false }`
[INFO] [stdout] 2db2e505b3970cdc072969728cdf828b6f920b1ccda8c7c79f4af4f5b8bffa14
[INFO] running `Command { std: "docker" "start" "-a" "2db2e505b3970cdc072969728cdf828b6f920b1ccda8c7c79f4af4f5b8bffa14", kill_on_drop: false }`
[INFO] [stderr]    Compiling proc-macro2 v1.0.51
[INFO] [stderr]    Compiling serde v1.0.152
[INFO] [stderr]    Compiling ahash v0.7.6
[INFO] [stderr]    Compiling indexmap v1.9.2
[INFO] [stderr]    Compiling hashbrown v0.12.3
[INFO] [stderr]    Compiling thiserror v1.0.39
[INFO] [stderr]    Compiling crossbeam-utils v0.8.15
[INFO] [stderr]    Compiling toml_datetime v0.6.1
[INFO] [stderr]    Compiling winnow v0.3.5
[INFO] [stderr]    Compiling parking_lot_core v0.9.7
[INFO] [stderr]     Checking fixedbitset v0.4.2
[INFO] [stderr]    Compiling libc v0.2.139
[INFO] [stderr]    Compiling quote v1.0.23
[INFO] [stderr]    Compiling futures-core v0.3.26
[INFO] [stderr]    Compiling syn v1.0.109
[INFO] [stderr]     Checking tracing-core v0.1.30
[INFO] [stderr]     Checking instant v0.1.12
[INFO] [stderr]     Checking rustc-hash v1.1.0
[INFO] [stderr]     Checking concurrent-queue v2.1.0
[INFO] [stderr]     Checking waker-fn v1.1.0
[INFO] [stderr]     Checking futures-io v0.3.26
[INFO] [stderr]    Compiling bit-vec v0.6.3
[INFO] [stderr]    Compiling erased-serde v0.3.25
[INFO] [stderr]     Checking parking v2.0.0
[INFO] [stderr]     Checking tracing v0.1.37
[INFO] [stderr]     Checking futures-lite v1.12.0
[INFO] [stderr]    Compiling bit-set v0.5.3
[INFO] [stderr]     Checking async-lock v2.7.0
[INFO] [stderr]     Checking async-task v4.3.0
[INFO] [stderr]     Checking async-channel v1.8.0
[INFO] [stderr]     Checking thread_local v1.1.7
[INFO] [stderr]    Compiling getrandom v0.2.8
[INFO] [stderr]    Compiling num-traits v0.2.15
[INFO] [stderr]     Checking downcast-rs v1.2.0
[INFO] [stderr]     Checking bevy_ptr v0.10.0
[INFO] [stderr]     Checking regex-syntax v0.6.28
[INFO] [stderr]    Compiling uuid v1.3.0
[INFO] [stderr]     Checking aho-corasick v0.7.20
[INFO] [stderr]     Checking overload v0.1.1
[INFO] [stderr]     Checking raw-window-handle v0.5.0
[INFO] [stderr]     Checking nu-ansi-term v0.46.0
[INFO] [stderr]     Checking async-executor v1.5.0
[INFO] [stderr]     Checking sharded-slab v0.1.4
[INFO] [stderr]     Checking tracing-log v0.1.3
[INFO] [stderr]     Checking bevy_tasks v0.10.0
[INFO] [stderr]     Checking mio v0.8.6
[INFO] [stderr]     Checking libloading v0.7.4
[INFO] [stderr]    Compiling ash v0.37.2+1.3.238
[INFO] [stderr]     Checking unicode-xid v0.2.4
[INFO] [stderr]    Compiling khronos-egl v4.1.0
[INFO] [stderr]     Checking codespan-reporting v0.11.1
[INFO] [stderr]     Checking pp-rs v0.2.1
[INFO] [stderr]     Checking gpu-descriptor-types v0.1.1
[INFO] [stderr]     Checking gpu-alloc-types v0.2.0
[INFO] [stderr]     Checking crossbeam-channel v0.5.7
[INFO] [stderr]     Checking spirv v0.2.0+1.5.4
[INFO] [stderr]     Checking hexf-parse v0.2.1
[INFO] [stderr]     Checking gpu-alloc v0.5.3
[INFO] [stderr]    Compiling toml_edit v0.19.4
[INFO] [stderr]     Checking fxhash v0.2.1
[INFO] [stderr]     Checking wgpu-types v0.15.1
[INFO] [stderr]     Checking inotify-sys v0.1.5
[INFO] [stderr]    Compiling anyhow v1.0.69
[INFO] [stderr]    Compiling pkg-config v0.3.26
[INFO] [stderr]     Checking regex-automata v0.1.10
[INFO] [stderr]     Checking regex v1.7.1
[INFO] [stderr]    Compiling encase_derive_impl v0.5.0
[INFO] [stderr]     Checking matchers v0.1.0
[INFO] [stderr]     Checking glow v0.12.1
[INFO] [stderr]     Checking profiling v1.0.7
[INFO] [stderr]     Checking renderdoc-sys v0.7.1
[INFO] [stderr]    Compiling xml-rs v0.8.4
[INFO] [stderr]     Checking arrayvec v0.7.2
[INFO] [stderr]    Compiling x11-dl v2.21.0
[INFO] [stderr]    Compiling bevy_macro_utils v0.10.0
[INFO] [stderr]     Checking inotify v0.9.6
[INFO] [stderr]    Compiling wayland-scanner v0.29.5
[INFO] [stderr]     Checking num-integer v0.1.45
[INFO] [stderr]     Checking filetime v0.2.20
[INFO] [stderr]     Checking sysinfo v0.28.2
[INFO] [stderr]    Compiling cfg_aliases v0.1.1
[INFO] [stderr]     Checking notify v5.1.0
[INFO] [stderr]     Checking num-rational v0.4.1
[INFO] [stderr]     Checking static_assertions v1.1.0
[INFO] [stderr]     Checking color_quant v1.1.0
[INFO] [stderr]     Checking const_panic v0.2.7
[INFO] [stderr]     Checking percent-encoding v2.2.0
[INFO] [stderr]     Checking accesskit v0.10.1
[INFO] [stderr]     Checking euclid v0.22.7
[INFO] [stderr]     Checking svg_fmt v0.4.1
[INFO] [stderr]     Checking radsort v0.1.0
[INFO] [stderr]     Checking approx v0.5.1
[INFO] [stderr]     Checking rectangle-pack v0.4.2
[INFO] [stderr]    Compiling winit v0.28.2
[INFO] [stderr]     Checking linked-hash-map v0.5.6
[INFO] [stderr]    Compiling serde_derive v1.0.152
[INFO] [stderr]    Compiling thiserror-impl v1.0.39
[INFO] [stderr]    Compiling bytemuck_derive v1.4.0
[INFO] [stderr]    Compiling bevy_utils_proc_macros v0.10.0
[INFO] [stderr]    Compiling bevy_reflect_derive v0.10.0
[INFO] [stderr]    Compiling bevy_ecs_macros v0.10.0
[INFO] [stderr]    Compiling bevy_derive v0.10.0
[INFO] [stderr]    Compiling encase_derive v0.5.0
[INFO] [stderr]     Checking bytemuck v1.13.1
[INFO] [stderr]     Checking image v0.24.5
[INFO] [stderr]    Compiling bevy_encase_derive v0.10.0
[INFO] [stderr]    Compiling bevy_render_macros v0.10.0
[INFO] [stderr]     Checking guillotiere v0.6.2
[INFO] [stderr]     Checking yaml-rust v0.4.5
[INFO] [stderr]     Checking console v0.15.5
[INFO] [stderr]     Checking similar v2.2.1
[INFO] [stderr]     Checking insta v1.28.0
[INFO] [stderr]     Checking accesskit_winit v0.12.3
[INFO] [stderr]     Checking smallvec v1.10.0
[INFO] [stderr]     Checking glam v0.23.0
[INFO] [stderr]     Checking tracing-subscriber v0.3.16
[INFO] [stderr]     Checking parking_lot v0.12.1
[INFO] [stderr]     Checking gpu-descriptor v0.2.3
[INFO] [stderr]     Checking petgraph v0.6.3
[INFO] [stderr]     Checking bevy_math v0.10.0
[INFO] [stderr]     Checking encase v0.5.0
[INFO] [stderr]     Checking hexasphere v8.1.0
[INFO] [stderr]     Checking bevy_mikktspace v0.10.0
[INFO] [stderr]     Checking bevy_utils v0.10.0
[INFO] [stderr]     Checking naga v0.11.0
[INFO] [stderr]     Checking bevy_reflect v0.10.0
[INFO] [stderr]     Checking bevy_ecs v0.10.0
[INFO] [stderr]     Checking wgpu-hal v0.15.2
[INFO] [stderr]     Checking wgpu-core v0.15.1
[INFO] [stderr]     Checking bevy_app v0.10.0
[INFO] [stderr]     Checking bevy_core v0.10.0
[INFO] [stderr]     Checking bevy_log v0.10.0
[INFO] [stderr]     Checking bevy_input v0.10.0
[INFO] [stderr]     Checking bevy_time v0.10.0
[INFO] [stderr]     Checking bevy_a11y v0.10.0
[INFO] [stderr]     Checking bevy_hierarchy v0.10.0
[INFO] [stderr]     Checking bevy_diagnostic v0.10.0
[INFO] [stderr]     Checking bevy_transform v0.10.0
[INFO] [stderr]     Checking bevy_asset v0.10.0
[INFO] [stderr]     Checking bevy_window v0.10.0
[INFO] [stderr]     Checking wgpu v0.15.1
[INFO] [stderr]     Checking bevy_winit v0.10.0
[INFO] [stderr]     Checking bevy_render v0.10.0
[INFO] [stderr]     Checking bevy_core_pipeline v0.10.0
[INFO] [stderr]     Checking bevy_sprite v0.10.0
[INFO] [stderr]     Checking bevy_internal v0.10.0
[INFO] [stderr]     Checking bevy v0.10.0
[INFO] [stderr]     Checking noisy_bevy v0.3.0 (/opt/rustwide/workdir)
[INFO] [stdout] error[E0432]: unresolved import `bevy_pancam`
[INFO] [stdout]  --> examples/asteroids.rs:9:5
[INFO] [stdout]   |
[INFO] [stdout] 9 | use bevy_pancam::{PanCam, PanCamPlugin};
[INFO] [stdout]   |     ^^^^^^^^^^^ use of undeclared crate or module `bevy_pancam`
[INFO] [stdout] 
[INFO] [stdout] 
[INFO] [stdout] error[E0432]: unresolved import `bevy_pancam`
[INFO] [stdout]  --> examples/basic.rs:7:5
[INFO] [stdout]   |
[INFO] [stdout] 7 | use bevy_pancam::{PanCam, PanCamPlugin};
[INFO] [stdout]   |     ^^^^^^^^^^^ use of undeclared crate or module `bevy_pancam`
[INFO] [stdout] 
[INFO] [stdout] 
[INFO] [stdout] error[E0425]: cannot find function, tuple struct or tuple variant `ClearColor` in this scope
[INFO] [stdout]   --> examples/basic.rs:12:26
[INFO] [stdout]    |
[INFO] [stdout] 12 |         .insert_resource(ClearColor(Color::BLACK))
[INFO] [stdout]    |                          ^^^^^^^^^^ not found in this scope
[INFO] [stdout] 
[INFO] [stdout] 
[INFO] [stdout] error[E0433]: failed to resolve: use of undeclared type `Camera2dBundle`
[INFO] [stdout]   --> examples/basic.rs:20:19
[INFO] [stdout]    |
[INFO] [stdout] 20 |     let mut cam = Camera2dBundle::default();
[INFO] [stdout]    |                   ^^^^^^^^^^^^^^ use of undeclared type `Camera2dBundle`
[INFO] [stdout] 
[INFO] [stdout] 
[INFO] [stdout] error: aborting due to 3 previous errors
[INFO] [stdout] 
[INFO] [stdout] 
[INFO] [stdout] Some errors have detailed explanations: E0425, E0432, E0433.
[INFO] [stdout] 
[INFO] [stdout] For more information about an error, try `rustc --explain E0425`.
[INFO] [stdout] 
[INFO] [stderr] error: could not compile `noisy_bevy` (example "basic") due to 4 previous errors
[INFO] [stderr] warning: build failed, waiting for other jobs to finish...
[INFO] [stdout] error[E0425]: cannot find function, tuple struct or tuple variant `ClearColor` in this scope
[INFO] [stdout]   --> examples/asteroids.rs:15:26
[INFO] [stdout]    |
[INFO] [stdout] 15 |         .insert_resource(ClearColor(Color::BLACK))
[INFO] [stdout]    |                          ^^^^^^^^^^ not found in this scope
[INFO] [stdout] 
[INFO] [stdout] 
[INFO] [stdout] error[E0433]: failed to resolve: use of undeclared type `Camera2dBundle`
[INFO] [stdout]   --> examples/asteroids.rs:30:19
[INFO] [stdout]    |
[INFO] [stdout] 30 |     let mut cam = Camera2dBundle::default();
[INFO] [stdout]    |                   ^^^^^^^^^^^^^^ use of undeclared type `Camera2dBundle`
[INFO] [stdout] 
[INFO] [stdout] 
[INFO] [stdout] error: aborting due to 3 previous errors
[INFO] [stdout] 
[INFO] [stdout] 
[INFO] [stdout] Some errors have detailed explanations: E0425, E0432, E0433.
[INFO] [stdout] 
[INFO] [stdout] For more information about an error, try `rustc --explain E0425`.
[INFO] [stdout] 
[INFO] [stderr] error: could not compile `noisy_bevy` (example "asteroids") due to 4 previous errors
[INFO] running `Command { std: "docker" "inspect" "2db2e505b3970cdc072969728cdf828b6f920b1ccda8c7c79f4af4f5b8bffa14", kill_on_drop: false }`
[INFO] running `Command { std: "docker" "rm" "-f" "2db2e505b3970cdc072969728cdf828b6f920b1ccda8c7c79f4af4f5b8bffa14", kill_on_drop: false }`
[INFO] [stdout] 2db2e505b3970cdc072969728cdf828b6f920b1ccda8c7c79f4af4f5b8bffa14
